{"id":319,"date":"2022-04-22T22:43:58","date_gmt":"2022-04-22T22:43:58","guid":{"rendered":"https:\/\/ideasenorden.mx\/catalogo\/?page_id=319"},"modified":"2022-04-22T22:45:48","modified_gmt":"2022-04-22T22:45:48","slug":"aviso-de-privacidad","status":"publish","type":"page","link":"https:\/\/ideasenorden.mx\/catalogo\/aviso-de-privacidad\/","title":{"rendered":"Aviso de privacidad"},"content":{"rendered":"<section class=\"l-section wpb_row height_medium\"><div class=\"l-section-h i-cf\"><div class=\"g-cols vc_row via_grid cols_1 laptops-cols_inherit tablets-cols_inherit mobiles-cols_1 valign_top type_default stacking_default\"><div class=\"wpb_column vc_column_container\"><div class=\"vc_column-inner\"><div class=\"wpb_text_column\"><div class=\"wpb_wrapper\"><h1 style=\"text-align: center;\">AVISO DE PRIVACIDAD<\/h1>\n<\/div><\/div><div class=\"w-separator size_medium with_line width_default thick_1 style_solid color_border align_center\"><div class=\"w-separator-h\"><\/div><\/div><\/div><\/div><\/div><\/div><\/section><section class=\"l-section wpb_row height_medium\"><div class=\"l-section-h i-cf\"><div class=\"g-cols vc_row via_grid cols_1 laptops-cols_inherit tablets-cols_inherit mobiles-cols_1 valign_top type_default stacking_default\"><div class=\"wpb_column vc_column_container\"><div class=\"vc_column-inner\"><div class=\"wpb_text_column\"><div class=\"wpb_wrapper\"><p>Aviso de Privacidad<br \/>\nGrupo Industrial Ferreti con domicilio en Sabadell 1570 Col. San Nicol\u00e1s Tolentino Alcald\u00eda Iztapalapa C. P. 09850 en la ciudad de M\u00e9xico.<\/p>\n<p>Empresas integrantes del Grupo Industrial Ferreti:<\/p>\n<p>Industrias Ferreti, Industrias Ridolfi, Muebles Cocinas y Ba\u00f1os, Coesti, Merlon, CRS Transformaciones, Royomex, S\u00edntesis Cocinas y Modulares, Transformaciones Toscana Son Sociedades An\u00f3nimas de Capital Variable Constituidas Legalmente de acuerdo con las leyes que rigen actualmente en la Rep\u00fablica Mexicana.<\/p>\n<p>Es responsable de recabar sus datos personales, del uso que se les d\u00e9 a los mismos y de su protecci\u00f3n.<\/p>\n<p>Su informaci\u00f3n personal ser\u00e1 utilizada para proveer los servicios y productos que ha solicitado, informarle sobre cambios en los mismos, evaluar la calidad de los servicios que le brindamos y dar cumplimiento a las obligaciones contra\u00eddas con nuestros clientes. Para las finalidades antes mencionadas, requerimos obtener los siguientes datos personales: Nombre, Direcci\u00f3n, Tel\u00e9fono.<\/p>\n<p>Para efecto de nuestros servicios, no solicitamos datos sensibles considerados para la Ley Federal de protecci\u00f3n de Datos Personales en posesi\u00f3n de Particulares, nos comprometemos a que los mismos ser\u00e1n tratados bajo las m\u00e1s estrictas medidas de seguridad que garanticen su confiabilidad.<\/p>\n<p>Usted tiene derecho de acceder, rectificar y cancelar sus datos personales, as\u00ed como de oponerse al tratamiento de los mismos o revocar el consentimiento que para tal fin nos haya otorgado a trav\u00e9s de los procedimientos que hemos implementado. Para conocer dichos procedimientos, los requisitos y plazos, se puede poner en contacto con nuestro departamento de datos personales en Sabadell 1570 A. Col. San Nicol\u00e1s Tolentino en la Alcald\u00eda Iztapalapa C. P. 09850 en la Ciudad de M\u00e9xico.<\/p>\n<p>As\u00ed mismo le informamos que sus datos personales pueden ser transferidos y tratados dentro de Territorio Nacional, por personas distintas a este grupo. En ese sentido su informaci\u00f3n puede ser compartida solo con empresas filiales a las nuestra y con empresas proveedoras, de equipos y accesorios que forman parte del producto que usted est\u00e1 adquiriendo con nosotros, esto es para darle cumplimiento en su pedido, en su producci\u00f3n, Instalaci\u00f3n y servicio, si usted no manifiesta su oposici\u00f3n para que sus datos personales sean transferidos se entender\u00e1 que ha otorgado su consentimiento para ello.<\/p>\n<p>No consiento que mis datos personales sean trasladados en los t\u00e9rminos que se\u00f1ala el presente aviso de privacidad.<br \/>\nCualquier aviso de modificaci\u00f3n de privacidad podr\u00e1 consultarla en nuestro departamento de datos personales en Sabadell 1570 A Col. San Nicol\u00e1s Tolentino en la Alcald\u00eda Iztapalapa C. P. 09850 en la Ciudad de M\u00e9xico.<\/p>\n<p>&nbsp;<\/p>\n<p>Fecha \u00faltima de actualizaci\u00f3n 24 marzo 2021<\/p>\n<\/div><\/div><\/div><\/div><\/div><\/div><\/section>\n","protected":false},"excerpt":{"rendered":"AVISO DE PRIVACIDAD Aviso de Privacidad Grupo Industrial Ferreti con domicilio en Sabadell 1570 Col. San Nicol\u00e1s Tolentino Alcald\u00eda Iztapalapa C. P. 09850 en la ciudad de M\u00e9xico. Empresas integrantes del Grupo Industrial Ferreti: Industrias Ferreti, Industrias Ridolfi, Muebles Cocinas y Ba\u00f1os, Coesti, Merlon, CRS Transformaciones, Royomex, S\u00edntesis Cocinas y Modulares, Transformaciones Toscana Son Sociedades...","protected":false},"author":1,"featured_media":0,"parent":0,"menu_order":0,"comment_status":"closed","ping_status":"closed","template":"","meta":{"footnotes":""},"class_list":["post-319","page","type-page","status-publish","hentry"],"_links":{"self":[{"href":"https:\/\/ideasenorden.mx\/catalogo\/wp-json\/wp\/v2\/pages\/319","targetHints":{"allow":["GET"]}}],"collection":[{"href":"https:\/\/ideasenorden.mx\/catalogo\/wp-json\/wp\/v2\/pages"}],"about":[{"href":"https:\/\/ideasenorden.mx\/catalogo\/wp-json\/wp\/v2\/types\/page"}],"author":[{"embeddable":true,"href":"https:\/\/ideasenorden.mx\/catalogo\/wp-json\/wp\/v2\/users\/1"}],"replies":[{"embeddable":true,"href":"https:\/\/ideasenorden.mx\/catalogo\/wp-json\/wp\/v2\/comments?post=319"}],"version-history":[{"count":2,"href":"https:\/\/ideasenorden.mx\/catalogo\/wp-json\/wp\/v2\/pages\/319\/revisions"}],"predecessor-version":[{"id":321,"href":"https:\/\/ideasenorden.mx\/catalogo\/wp-json\/wp\/v2\/pages\/319\/revisions\/321"}],"wp:attachment":[{"href":"https:\/\/ideasenorden.mx\/catalogo\/wp-json\/wp\/v2\/media?parent=319"}],"curies":[{"name":"wp","href":"https:\/\/api.w.org\/{rel}","templated":true}]}}